e factors of v + 29 - (-5 - -4)?
2
Suppose 8 = 2*t - 2. Let j be (8 - -2)*(7/t - 1). Suppose 933 = j*c - 3*u, 701 = 6*c - 3*c - u. What are the prime factors of c?
2, 3, 13
Suppose 2*g + 2 = 72*u - 70*u, 4*u = 16. Suppose -4*h - g*j + 4935 = -2637, -5*h - 5*j = -9470. List the prime factors of h.
2, 3, 5, 7
Suppose -76008 = -8*q + 9803 + 87821. List the prime factors of q.
2, 2713
Let g(d) = 300*d + 3637. What are the prime factors of g(14)?
17, 461
Let b(z) = 132*z - 31. List the prime factors of b(33).
5, 173
Let n = 325 + 233. Suppose -q + 0*b = -3*b - n, 5*b - 20 = 0. Suppose 5*k - q = -k. List the prime factors of k.
5, 19
Let b(h) = -h**2 + 14*h. Let r be b(11). Let z(i) = -2*i. Let l be z(-13). Let q = l + r. What are the prime factors of q?
59
Suppose 196*w - 1798616 = 214861 + 1458467. What are the prime factors of w?
2, 17, 521
Suppose j = t - 11, -30 = -2*t + 2*j + 2*j. Suppose -35 = -t*r - 0. What are the prime factors of (6 - r)/(1/139)?
139
Suppose 3*c + 3 = -3*d + 15, 0 = 3*c - d - 8. Suppose -3 = -0*q - q. Suppose c*l + 4*s - 655 = 0, -q*l + 846 - 203 = s. What are the prime factors of l?
3, 71
Let f(a) = 181*a - 184*a + 118 + 145*a + 62. What are the prime factors of f(8)?
2, 7, 47
Let v(h) = -h - 1. Let d(s) = 35. Let g(t) = -d(t) - 5*v(t). Let b be g(10). Suppose 20 = 24*f - b*f. What are the prime factors of f?
5
Let k(v) be the third derivative of 0 + 5/24*v**4 + 2/15*v**5 + 7*v**2 + 0*v + 1/3*v**3 + 1/120*v**6. List the prime factors of k(-4).
2, 23
Let z = 1427 + -1123. Let u(o) = 136*o**2 + 3*o + 2. Let r be u(-2). Let p = r - z. What are the prime factors of p?
2, 59
Suppose -4*l = -2*h - h + 8, -3*l = 2*h + 6. Suppose h = -7*y + 10*y + 84. Let z = y + 32. What are the prime factors of z?
2
Let p be (-983 + 1)*(7/(-14) + 2). Let w = p - -2311. What are the prime factors of w?
2, 419
Let d(i) = 3*i + 24. Let g be d(-3). Suppose 11*o - 8 = g*o, -v + 363 = -4*o. List the prime factors of v.
5, 71
Let w be 42/5 - (-9)/15. Let q = w + 21. Let a = q + 0. What are the prime factors of a?
2, 3, 5
Let p(c) = -561*c + 10. Let m be ((-5)/(-10))/(25/10 - 3). What are the prime factors of p(m)?
571
Let g be (-3341 + 1)*24/(-8). Suppose 6*t + g = 21*t. List the prime factors of t.
2, 167
Let c = 323 - 206. What are the prime factors of 8/36 - (-69472)/c?
2, 3, 11
Suppose 42 = o + 5*w - 10*w, w - 126 = -4*o. Let p = o + 94. What are the prime factors of p?
2, 3, 7
Let u(a) = -a**3 + 2*a**2 + 59*a + 36087. List the prime factors of u(0).
3, 23, 523
Let a(j) = j**3 + 19*j**2 - 4*j - 16. Let v be a(-7). Suppose 0 = -3*y + 4*u + 1896 - 115, y + 5*u = v. What are the prime factors of y?
5, 7, 17
List the prime factors of 23612/10*((-6)/1 - (-363)/33).
2, 5903
Suppose -x = -11 - 118. Suppose -167 = -2*a + x. What are the prime factors of a?
2, 37
Suppose 1 = -6*z + 19. What are the prime factors of (-6 - -72)*z + 2?
2, 5
Let c(m) = -6*m + 49. Let j be c(5). Suppose j + 5 = 6*a. Suppose a*r = 274 + 18. List the prime factors of r.
73
Let v(l) = 6*l**2 - 15*l + 737. List the prime factors of v(99).
2, 7, 11, 13, 29
Let s = 1 + 16. Suppose 3*l = -2*b + s, -l + 0*l = -5*b + 17. Suppose 0 = l*n + n - 328. List the prime factors of n.
2, 41
Let j(m) = -32*m**2 - m + 1. Let r be j(2). Let u = -4519 - -4662. Let h = u - r. List the prime factors of h.
2, 17
Suppose 12*w - 128 = 8*w. Suppose -j + 3*i = i - 8, -w = -4*j + 2*i. Suppose -j = -5*b - 5*q + 77, -q = -5*b + 73. List the prime factors of b.
3, 5
Suppose 218592 = 34*p + 45*p - 63*p. What are the prime factors of p?
2, 3, 11, 23
Let v = 199 + -162. What are the prime factors of (-2)/(-5) - v*16/(-20)?
2, 3, 5
Let s(f) = -24 + 54*f + 24 + 18. Let j be s(-6). Let b = 445 + j. What are the prime factors of b?
139
Suppose -3*x + 60 = 7*x. Let b(a) = -a**2 - 7*a - 4. Let v be b(-7). What are the prime factors of (-2)/(v/x) + -18 + 28?
13
Suppose 3*f = -4*h + 254061, -4*f = 5*h - 36181 - 302565. What are the prime factors of f?
7, 12097
List the prime factors of (-3)/(-11)*11 - -6758.
6761
List the prime factors of (-20)/(-10) + -11 - (-4 + -19710).
5, 7, 563
Let t(r) = -r**3 + 53*r**2 + 75*r + 21. What are the prime factors of t(38)?
3, 13, 17, 37
Suppose -2*j + 93415 = -5*b, -18*j + 16*j + 93465 = 5*b. What are the prime factors of j?
2, 5, 73
Let u = 362 - 118. Let a = 412 - u. Suppose k + 2*o - 48 = -0, -2*o = 4*k - a. List the prime factors of k.
2, 5
Suppose a = 3*s - 168311, -5*a - 130593 - 37750 = -3*s. What are the prime factors of s?
56101
Let b = 22018 + -12284. What are the prime factors of b?
2, 31, 157
Suppose -12*p - 24 = -8*p, -4*k + 5*p + 11226 = 0. What are the prime factors of k?
3, 311
Let s(k) = 37694*k + 143. List the prime factors of s(1).
157, 241
Let z(j) = -j**2 + 5*j + 18. Let q be z(-2). List the prime factors of 201 - -34 - (q - 0).
3, 7, 11
Let v = -4355 + 4742. What are the prime factors of v?
3, 43
Suppose 0 = 8*a - 73 + 9. Suppose b - 3096 = -a*b. What are the prime factors of b?
2, 43
Suppose 0*y + 5*y - 4*h - 2261 = 0, y - 4*h - 465 = 0. Let s = -52 + y. What are the prime factors of s?
397
Let q(t) = -9*t**2 - 35*t + 23. Let f(g) = -5*g**2 - 18*g + 12. Let l(c) = -5*f(c) + 3*q(c). List the prime factors of l(-7).
2
Let h(u) = 32*u**2 + 186*u + 1113. List the prime factors of h(-6).
3, 383
Let i(n) = -3049*n - 15. Let w be i(9). List the prime factors of w/(-165) + 2/(-5).
2, 83
Let h = 341 - 166. Let x(r) = -53*r - 1. Let t be x(-1). Suppose -c - t = -h. What are the prime factors of c?
3, 41
Let f = 129 + 62. Suppose -y = f + 46. Let w = -158 - y. List the prime factors of w.
79
Let f = -155 + 130. Let x(p) = -p**3 - 25*p**2 - 18*p + 23. What are the prime factors of x(f)?
11, 43
Suppose 0 = 3*p - 4*i + 138, -6*p + i = -p + 247. Suppose -4*g + 17 = 2*m + 5, -g = -4*m + 69. What are the prime factors of (p/4)/((-4)/m)?
2, 5
Let q = 49168 + -30790. What are the prime factors of q?
2, 3, 1021
Suppose 12*r - 10*r = -262. Let w = r - -71. Let i = w + 70. List the prime factors of i.
2, 5
Let t(r) = -9071*r - 1742. What are the prime factors of t(-2)?
2, 5, 41
Let v(u) = u**2 + 22 - 13*u + 28 - 13. Suppose -15*o - 4 = -17*o, o + 49 = 3*y. What are the prime factors of v(y)?
3, 5, 7
Suppose -12 = -3*d, -3*p + 3*d = -2*d + 11. Suppose 0 = 16*r - p*r - 6409. List the prime factors of r.
17, 29
Let h(u) = 10048*u + 771. What are the prime factors of h(2)?
7, 11, 271
List the prime factors of ((-142012)/8 - 6)*(2 + (-14)/5).
2, 7103
Let u(a) = -1378*a + 164. Let k be u(8). What are the prime factors of (-1 - -6) + (-53)/(530/k)?
1091
Let q be (-153)/63 - 6/(-14). Let l be -21 - 1 - (-1 + q + 0). Let g(p) = -p**2 - 18*p + 41. List the prime factors of g(l).
2, 11
Let w be (-6 - -48) + 1/(3/12). Suppose -w*i - 1536 = -52*i. What are the prime factors of i?
2
Suppose 0 = 2*d - 3*a - 23, 2*d = -d + a + 31. Suppose 676 = 2*k + i, 6*k - d*k + 1368 = -2*i. Let g = k + -231. What are the prime factors of g?
109
Let y(b) = b**3 - 2*b - 1. Let v be y(2). Suppose -4*j - 71 = -v*u, 0 = 5*j + 2*u - 27 + 133. List the prime factors of (j/(-8))/(4/248).
5, 31
Let c(r) = 18*r - 102. Let a be c(6). List the prime factors of (1035/a)/1*72/27.
2, 5, 23
Let k(q) = -4*q + 22. Let w(s) = s + 1. Let i(g) = k(g) + 10*w(g). Let v be i(-4). Suppose -5*h - v*h + 1859 = 0. List the prime factors of h.
11, 13
Let g(x) = -8*x**3 + 16*x**3 - 6*x**3 - 1 + 13. Let f be g(6). Suppose 3*t - 393 = -5*n + 347, 3*t + f = 3*n. What are the prime factors of n?
2, 37
Let g = -19 - -22. Let s be 0/((-1)/g*3). Suppose s = -3*k + 156 + 9. List the prime factors of k.
5, 11
Let s(v) = 3*v**3 - 101*v**2 - 139*v + 236. What are the prime factors of s(40)?
2, 6269
Suppose 0 = 8*f - 3*f + 4*k - 837, -2*f + 328 = 5*k. Let m = -32 + f. What are the prime factors of m?
137
Let v(p) = 2*p + 39. Let k be -13 - ((-1)/4)/((-7)/56). Let z be v(k). Suppose -4*w + 13 - z = 0, 0 = 4*i + 5*w - 465. What are the prime factors of i?
5, 23
Suppose -4*k + 2*r = -k + 2017, 0 = -4*k + 4*r - 2692. Let f = 1301 + k. Suppose 4*h - 7*h + f = 0. What are the prime factors of h?
2, 3, 5, 7
Let n(u) = -4*u + 2*u**2 - 16*u**2 + u**3 - 18 - 5*u. Suppose -8*b = -49*b + 615. What are the prime factors of n(b)?
2, 3
Suppose 4*l = -16, 5*l + 244